Let h(v) = -v**3 - 7*v**2 + 8*v. Let r be h(-8). Suppose r*z + 3*z + 4*k + 544 = 0, 4*k = -4*z - 724. Let c = -95 - z. List the prime factors of c.
5, 17
Let l(z) = 188*z**2 - 30*z - 324. What are the prime factors of l(-8)?
2, 29, 103
Let v(s) = -s**3 + 6*s**2 - 18*s + 60. Let k be v(6). Let m = k + 106. List the prime factors of m.
2, 29
Suppose 73 = -5*n + 13. What are the prime factors of (4/n)/((-9)/4941)?
3, 61
Let v(s) = 14*s - 48. Let t be v(5). Suppose 19*l + 2250 = t*l. Suppose -z - l = -7*z. List the prime factors of z.
5
Let h be (3012/10)/(-3) + (-2)/(-5). Suppose 0 = -3*l - 9, s + 2*l = 3*l + 194. Let t = s + h. What are the prime factors of t?
7, 13
Suppose 18*n + 127213 = 421585. What are the prime factors of n?
2, 13, 17, 37
Suppose 0 = -47*n + 611935 + 49120. What are the prime factors of n?
5, 29, 97
Suppose -18*h = -13*h. Suppose h = 5*d - 227 - 3. Let p = d + -31. List the prime factors of p.
3, 5
Suppose -24*f + 29*f - 100 = 0. Suppose b = -3*b + f. Suppose -2*z + b = -25. List the prime factors of z.
3, 5
Let r(v) = -4*v**2 + 15*v - 13. Let l(d) = -34*d + 6*d**2 + 13 + 4*d - 2*d**2 + 15*d. Let a(s) = -4*l(s) - 5*r(s). What are the prime factors of a(5)?
2, 19
Suppose 7*q = 6*q - 5*w + 1, 2*q - 5*w = 17. Suppose q*z - 15 = z, -2427 = -5*c + z. What are the prime factors of c?
2, 3
Suppose -16538*s + 16558*s - 717140 = 0. List the prime factors of s.
23, 1559
Suppose 42*q = 48439 + 17921. What are the prime factors of q?
2, 5, 79
Let s(f) be the second derivative of f**4/12 + 2*f**3 - 17*f**2/2 + f + 9. What are the prime factors of s(7)?
2, 29
Let d be (-20810)/(-15) + 30/18. What are the prime factors of (8/(-12) + 1)*d?
463
Let q(p) = -14*p + 4. Let n be q(-1). Let l be 1 - (1362/n)/(1/(-21)). List the prime factors of l/50 + (2/10)/1.
2
List the prime factors of (-18)/4 + (-609532)/56*-1.
2, 5, 17
Suppose 4*o - 2260572 + 875412 = -20*o. What are the prime factors of o?
5, 7, 17, 97
Let r(y) = 9*y**2 + 190*y - 87. List the prime factors of r(20).
71, 103
Let p = -821 + 824. What are the prime factors of (2 + p - 789)/(-2)?
2, 7
Let x(v) = 7*v - 19. Let g be x(3). Suppose 25*w = -g*u + 24*w + 1612, 5*u = 5*w + 4030. List the prime factors of u.
2, 13, 31
Let u = 30 + -30. Suppose 0 = -2*y - a + 545 + 608, u = -3*a + 9. What are the prime factors of y?
5, 23
Let l be 41888/128 + -1*5/20. Suppose w + 10 = 3*f, -3*w + 4*f - 14 = -2*w. Suppose w*x - x = 4*t - 411, -3*t + l = 3*x. What are the prime factors of t?
2, 13
Let u(p) = -96*p + 5. Let l be u(-2). Let t = l + 135. Let s = 607 - t. What are the prime factors of s?
5, 11
Let l(n) = -10109*n + 73. Let u be l(-3). Suppose 22*t - u = 6868. What are the prime factors of t?
2, 7, 11
Let b(y) = -598*y - 189. What are the prime factors of b(-6)?
3, 11, 103
Let w(p) = -12*p. Let b be w(-1). Let j be 61/2*(b - 8). Suppose -3*m = -2*n - j + 445, -12 = -4*m. List the prime factors of n.
2, 83
Suppose 5 = a + a - 5*b, -4*b = -2*a + 4. Suppose a = 2*z + 39 - 217. List the prime factors of z.
89
Let x(t) = -t**3 - 37*t**2 - 45*t + 44. Let c be 72*(3 - (-42)/(-12)). What are the prime factors of x(c)?
2, 23
Let d = -783 - -1325. Let r = -196 + d. What are the prime factors of r?
2, 173
List the prime factors of (-11*(-12)/(-594))/(2/(-62406)).
2, 3467
Let b(k) be the third derivative of -9*k**2 + 1/3*k**4 + 0 - 25/3*k**3 + 1/60*k**5 + 0*k. List the prime factors of b(-16).
2, 3, 13
Let f(m) = 4018*m**3 + 16*m**2 - 31*m + 17. List the prime factors of f(2).
3, 71, 151
Let j be 775/(6 + (-174)/30). Suppose -4*u = 5*v - j, 3*v + 2*u - 2286 = 37. What are the prime factors of v?
3, 257
Let t be (-4)/(-2) + 3 + -3 + 0. Suppose -q = t*u - 663, -2*u = 2*q - 401 - 265. What are the prime factors of u?
2, 3, 5, 11
Let x be 2 + -4 + 2 + 8. Suppose 23*w - 19*w = x. Suppose -15 = w*r + 3*r, -2*r = -4*o + 474. What are the prime factors of o?
3, 13
Suppose 3*l = -4*f - 330, -f + 2*l + 44 = 121. List the prime factors of (1*12)/(f/(-3672)).
2, 17
Suppose k + 6148 = -0*j - j, 3*k + 18428 = j. List the prime factors of -1 - (k/6)/1.
3, 11, 31
What are the prime factors of -1689*(396/(-50) + ((-1480)/(-250) - 6))?
2, 3, 563
Suppose -k = 2*p - 40023, k + 9508 + 30509 = 2*p. What are the prime factors of p?
2, 3, 5, 23, 29
Let u = 64918 + -28242. What are the prime factors of u?
2, 53, 173
What are the prime factors of (-17940 - -2)*37/(-74)?
8969
Suppose -124*g = -166*g + 350952. List the prime factors of g.
2, 2089
Suppose 39190 = 5*g - 203*v + 202*v, -3*v - 15 = 0. List the prime factors of g.
17, 461
Suppose 13800 = 3*o + s, -90*s + 93*s = o - 4610. List the prime factors of o.
43, 107
Suppose r = 2*k - 40423, 2*k + 3*r - 101074 = -3*k. List the prime factors of k.
17, 29, 41
Let s(p) be the first derivative of -17*p**2/2 - p + 34. Suppose -2*d - 17 = 4*o - 1, 4*o + 24 = -4*d. List the prime factors of s(d).
67
Suppose -3*w + 2*w - 4*f = -17, 4*w + 2*f - 26 = 0. Suppose -9*g + 16 = -w*g. Suppose 3*t = g*t - d - 95, -2*t + 3*d = -195. What are the prime factors of t?
2, 3, 5
Suppose 67*f - 22054680 = -340*f - 79*f. What are the prime factors of f?
2, 5, 2269
Suppose -16*o - 102 + 38 = 0. Let q(i) = -2*i + 33. List the prime factors of q(o).
41
Let k = -185 - -187. Suppose -3*y - k*y + 1456 = -3*r, 2*r + 4 = 0. What are the prime factors of y?
2, 5, 29
Let l be 231/4 + 9 + (-385)/44. Suppose 22692 = l*h - 46*h. List the prime factors of h.
31, 61
Suppose -3*o + 8 = -v + 103, -3*v + 2*o + 278 = 0. Let t = -76 + v. Suppose 0 = -0*g + t*g - 1328. What are the prime factors of g?
83
Let l(m) = -m**3 + 9*m**2 + 3*m - 25. Let g be l(9). Suppose w - 5*b - 1441 = -8*b, 4*w - 5724 = -g*b. List the prime factors of w.
1429
Suppose 0*m = 6*m. Let u be 105 - (-4 + m) - -3. Suppose 3*j = 424 - u. What are the prime factors of j?
2, 13
Let u(l) = -21*l**2 - 15*l**2 - 34*l + 4 + 18*l**2 + 50*l**2. What are the prime factors of u(4)?
2, 5, 19
Suppose 5*k - 24 = -2*o, o - 5*k - 18 = 9. What are the prime factors of 145 - 0 - (-12 + o)*-1?
2, 3, 5
Let r = -73 + 75. Let c(i) = 5*i**2 + 3*i**2 + i**r - 18*i - 10*i**2 - 9. What are the prime factors of c(-17)?
2
Let u(q) = q**3 - 7*q**2 + 6*q + 3. Let y be 15/(-2)*(-48)/60. Let c be u(y). Suppose 275 = 3*o - 2*t, -c*o + t + 271 = 3*t. List the prime factors of o.
7, 13
Let t be (2964/8)/(-1*(-9)/(-48)). Let a = 3360 + t. What are the prime factors of a?
2, 173
Let i(b) = -47*b - 126. Let n be i(-20). Suppose -n = -4*a + 3*q, -60 = -a + 3*q + 148. List the prime factors of a.
2, 101
Let f(m) = 48*m + 276. Let t be f(-6). List the prime factors of (t/10)/((-112)/45640).
3, 163
Let s(w) = 3*w**3 - w**2 + 2*w + 3. Let r be (7 - 0) + -8 + 4. What are the prime factors of s(r)?
3
Let f(r) = r**3 - 13*r**2 - 14*r + 3. Let h be f(14). Suppose 4 = m, 308 = -p - 4*p - h*m. Let a = 264 + p. List the prime factors of a.
2, 5
Let w = -37 - 54. Let s be (-52)/w + 10/7. Suppose d = 3*d - 3*v - 32, s*d = -v + 16. What are the prime factors of d?
2, 5
Suppose 4*w + w = -3*s + 27855, 0 = -w + 5*s + 5571. What are the prime factors of w?
3, 619
Suppose -5*q - 23 = 4*o - 8, -o + 5*q = -15. Suppose -3*y + 0*u + 3*u + 2127 = o, -3*u = -4*y + 2833. What are the prime factors of y?
2, 353
Suppose 302*n - 853060 = 104*n - 142*n. List the prime factors of n.
13, 193
Suppose 4*r - 9*r + 12 = -v, -3*r + 10 = -2*v. Let a be (-3)/5*(-2 - -7). List the prime factors of (11/v)/(a/6).
11
Suppose -5*p = -21*p - 720. Let q = p - -356. What are the prime factors of q?
311
Suppose -3*m + 22 = -5*g, 0 = -10*m + 6*m + 3*g + 22. Suppose -m*s + 4*l = l - 2963, -5*s - 5*l + 3730 = 0. List the prime factors of s.
743
Let o(g) = -5*g**2 - 56*g - 6. Let p be o(-11). Suppose 5*n + 1039 = 3*s, -s + p*n = -163 - 190. What are the prime factors of s?
7
Suppose -5 = -3*a + 7, -5*p + 395 = 5*a. Let o(l) = 4*l**2 + 9*l - 12. Let w be o(4). Let d = w - p. List the prime factors of d.
13
Let w be (-6)/(-8)*11/((-55)/(-9820)). Let i be (-3 - 0)*w/(-9). List the prime factors of i/3 - 16/(-12).
3, 5, 11
Suppose -29*d - 1262 = -26289. What are the prime factors of d?
863
Let i(m) = 5*m - 136. Let l(k) = -k + 27. Let j(w) = 2*i(w) + 11*l(w). Let r be j(5). Suppose 18*h + 530 = r*h. List the prime factors of h.
5, 53
Suppos